5 divide 83939?
False
Does 2 divide 338711?
False
Does 76 divide 9118860?
True
Does 635 divide 7807006?
False
Is 461760 a multiple of 16?
True
Is 176115 a multiple of 59?
True
Is 90 a factor of 28104?
False
Is 18 a factor of 549246?
False
Does 143 divide 124839?
True
Is 872372 a multiple of 34?
True
Is 6 a factor of 1012226?
False
Is 26 a factor of 444311?
False
Does 300 divide 1603200?
True
Is 7 a factor of 1146208?
True
Is 50025 a multiple of 25?
True
Is 844164 a multiple of 243?
False
Is 1913863 a multiple of 49?
False
Is 308238 a multiple of 194?
False
Is 10 a factor of 553660?
True
Is 363 a factor of 27588?
True
Does 13 divide 251186?
True
Is 277 a factor of 45982?
True
Does 18 divide 3040038?
True
Does 162 divide 17033?
False
Is 1591776 a multiple of 12?
True
Is 8101 a multiple of 13?
False
Does 232 divide 87464?
True
Is 10542 a multiple of 6?
True
Is 10535877 a multiple of 33?
True
Does 921 divide 791139?
True
Does 30 divide 2462368?
False
Is 23882523 a multiple of 21?
True
Does 13 divide 3482154?
True
Is 108 a factor of 425263?
False
Is 13 a factor of 1125839?
True
Does 237 divide 52333?
False
Is 88 a factor of 212960?
True
Does 2 divide 44212?
True
Does 43 divide 331910?
False
Does 46 divide 724895?
False
Does 22 divide 1049576?
True
Is 941694 a multiple of 348?
False
Is 2 a factor of 8925?
False
Does 301 divide 955889?
False
Does 21 divide 106239?
True
Is 67 a factor of 455447?
False
Is 649 a factor of 23105049?
True
Does 25 divide 44551?
False
Does 17 divide 17238?
True
Does 42 divide 38010?
True
Is 76 a factor of 1419362?
False
Is 502440 a multiple of 790?
True
Is 230549 a multiple of 236?
False
Is 294879 a multiple of 60?
False
Is 186 a factor of 326154?
False
Is 31 a factor of 110763?
True
Does 43 divide 8238?
False
Does 118 divide 30817942?
True
Is 200415 a multiple of 8?
False
Does 356 divide 6539720?
True
Is 26 a factor of 143104?
True
Is 73017 a multiple of 151?
False
Is 4412434 a multiple of 13?
True
Is 19 a factor of 3214112?
False
Does 742 divide 6487597?
False
Is 2682318 a multiple of 4?
False
Is 64 a factor of 1009357?
False
Is 13 a factor of 2372616?
False
Is 10 a factor of 40750?
True
Is 1132711 a multiple of 3?
False
Is 11 a factor of 9690?
False
Is 11 a factor of 437116?
False
Is 3145 a multiple of 185?
True
Is 12 a factor of 18264?
True
Is 1036 a multiple of 39?
False
Is 21 a factor of 816690?
True
Does 12 divide 268632?
True
Does 74 divide 12876?
True
Is 22 a factor of 2719904?
True
Is 89 a factor of 1992676?
False
Is 1728315 a multiple of 106?
False
Does 1033 divide 6702355?
False
Is 12912 a multiple of 4?
True
Does 61 divide 256259?
False
Is 20 a factor of 1664242?
False
Is 528121 a multiple of 24?
False
Is 81310 a multiple of 346?
True
Is 59 a factor of 4176492?
True
Does 49 divide 815801?
True
Is 17851921 a multiple of 193?
True
Does 23 divide 26726?
True
Is 7641756 a multiple of 54?
True
Does 444 divide 4037736?
True
Is 475 a factor of 2075566?
False
Is 36 a factor of 26575452?
True
Is 2837266 a multiple of 220?
False
Is 173909 a multiple of 461?
False
Is 157 a factor of 69551?
True
Does 71 divide 195764?
False
Is 524 a factor of 5966264?
True
Does 13 divide 54418?
True
Is 29534340 a multiple of 330?
True
Is 24 a factor of 92760?
True
Does 459 divide 6673994?
False
Is 15 a factor of 89850?
True
Is 2410957 a multiple of 37?
True
Is 26562766 a multiple of 346?
True
Is 54063 a multiple of 9?
True
Is 312 a factor of 300456?
True
Does 514 divide 6777604?
True
Is 2 a factor of 69638?
True
Is 6358008 a multiple of 584?
True
Does 94 divide 723175?
False
Is 372 a factor of 109740?
True
Does 221 divide 102486?
False
Is 3355696 a multiple of 150?
False
Is 20 a factor of 477169?
False
Is 1366 a factor of 5518640?
True
Does 294 divide 38662?
False
Is 26 a factor of 240780?
False
Is 50 a factor of 959000?
True
Does 111 divide 88356?
True
Does 139 divide 11704186?
False
Is 48937 a multiple of 23?
False
Is 13 a factor of 2673390?
False
Is 6 a factor of 112008?
True
Is 15616487 a multiple of 71?
False
Does 705 divide 4277173?
False
Does 4 divide 2726?
False
Is 310 a factor of 155620?
True
Does 46 divide 181298?
False
Is 1112091 a multiple of 177?
True
Is 207136 a multiple of 8?
True
Is 12769509 a multiple of 633?
True
Does 388 divide 10476?
True
Does 68 divide 1877412?
True
Does 161 divide 179630?
False
Does 112 divide 3413404?
False
Is 1546412 a multiple of 14?
True
Does 12 divide 1497493?
False
Is 9 a factor of 923040?
True
Is 37 a factor of 351007?
False
Is 220 a factor of 1070300?
True
Is 8603908 a multiple of 10?
False
Does 24 divide 218046?
False
Is 98 a factor of 40865?
False
Is 298 a factor of 25032?
True
Is 10 a factor of 1376775?
False
Does 231 divide 1659504?
True
Is 603384 a multiple of 62?
True
Is 3680285 a multiple of 11?
False
Is 40962 a multiple of 7?
False
Is 5114640 a multiple of 101?
True
Does 17 divide 308356?
False
Does 29 divide 114057?
True
Is 368924 a multiple of 29?
False
Is 8 a factor of 58592?
True
Is 3628249 a multiple of 88?
False
Does 58 divide 9280?
True
Is 157 a factor of 188086?
True
Does 452 divide 9191872?
True
Is 12956 a multiple of 111?
False
Is 26 a factor of 703434?
False
Does 1367 divide 5567791?
True
Is 11 a factor of 6691?
False
Is 133560 a multiple of 90?
True
Is 3220 a multiple of 4?
True
Is 82 a factor of 103854?
False
Is 59796 a multiple of 44?
True
Is 20 a factor of 374020?
True
Is 33 a factor of 261921?
True
Is 30984 a multiple of 6?
True
Is 13684 a multiple of 84?
False
Is 14 a factor of 326998?
True
Is 87 a factor of 120934?
False
Is 169 a factor of 1612091?
True
Is 50 a factor of 4486000?
True
Is 160144 a multiple of 52?
False
Is 504975 a multiple of 25?
True
Does 69 divide 92184?
True
Does 349 divide 1270638?
False
Does 6 divide 1860?
True
Is 178 a factor of 208438?
True
Is 10 a factor of 23300967?
False
Does 15 divide 343679?
False
Does 12 divide 74832?
True
Is 2259270 a multiple of 3?
True
Is 131902 a multiple of 63?
False
Is 2125604 a multiple of 52?
True
Does 31 divide 22289?
True
Is 596 a factor of 82900?
False
Is 2 a factor of 1711101?
False
Is 11 a factor of 316870?
False
Is 14 a factor of 224347?
False
Is 1543586 a multiple of 59?
False
Does 9 divide 639772?
False
Is 345646 a multiple of 5?
False
Is 5972874 a multiple of 688?
False
Does 6 divide 7605?
False
Does 23 divide 107180?
True
Does 5 divide 279221?
False
Is 116 a factor of 1904073?
False
Does 8 divide 2044?
False
Does 59 divide 88087?
True
Is 3605204 a multiple of 46?
True
Does 71 divide 236146?
True
Is 46242 a multiple of 14?
True
Is 238336 a multiple of 99?
False
Is 4 a factor of 2359097?
False
Does 334 divide 775214?
True
Is 698799 a multiple of 4?
False
Is 1743751 a multiple of 59?
False
Does 175 divide 147525?
True
Is 97244 a multiple of 302?
True
Does 1490 divide 11720612?
False
Does 44 divide 77681?
False
Is 2478384 a multiple of 27?
True
Is 550 a factor of 16635850?
True
Is 53121 a multiple of 3?
True
Does 89 divide 261161?
False
Is 503 a factor of 269608?
True
Is 7 a factor of 569793?
True
Is 8 a factor of 1390160?
True
Does 37 divide 17138887?
False
Does 8 divide 27176?
True
Is 47 a factor of 791057?
True
Is 127 a factor of 2650109?
True
Does 263 divide 8822861?
True
Does 865 divide 7414780?
True
Does 260 divide 6199089?
False
Does 17 divide 951116?
True
Is 137520 a multiple of 10?
True
Is 3 a factor of 357330?
True
Is 792765 a multiple of 79?
True
Does 6 divide 20315370?
True
Is 340 a factor of 9143960?
True
Is 89 a factor of 617207?
False
Is 36 a factor of 482098?
False
Is 24071 a multiple of 13?
False
Is 262126 a multiple of 195?
False
Is 15 a factor of 891370?
False
Is 46583 a multiple of 37?
True
Is 347027 a multiple of 61?
False
Is 2 a factor of 220887?
False
Does 48 divide 239568?
True
Is 273756 a multiple of 3?
True
Is 14633557 a multiple of 26?
False
Is 174880 a multiple of 253?
False
Is 7933824 a multiple of 128?
True
Does 29 divide 98112?
False
Is 8 a factor of 125064?
True
Is 350760 a multiple of 77?
False
Is 6322665 a multiple of 15?
True
Is 258070 a multiple of 140?
False
Is 165391 a multiple of 77?
False
Is 344 a factor of 4685624?
True
Does 88 divide 993784?
True
Does 20 divide 6322339?
False
Does 39 divide 3617559?
False
Does 10 divide 17296120?
True
Does 14 divide 211026?
False